d be w(0). Let r = -5 + 12. Calculate the highest common divisor of r and d.
7
Suppose 2*z + 185 = 4*q + 835, 3*q = 5*z - 477. Let g = -123 - q. What is the highest common divisor of g and 41?
41
Suppose 5*b = 7*b - 160. Suppose m = -m + b. Suppose 200 = -105*n + 110*n. What is the highest common divisor of m and n?
40
Suppose -2*m + 27 = -d + 150, -5*m - 275 = 4*d. Let s = m - -86. Let b(h) = -93*h + 3. Let j be b(-2). What is the highest common factor of j and s?
27
Let d be (-5 - -5) + -4 + 1 - -32. Let t = 3 + 84. What is the greatest common divisor of t and d?
29
Suppose 0 = 17*s - 1200 - 75. Calculate the highest common factor of 45 and s.
15
Suppose 2*h + 3*x - 23590 = -2*h, -5*h = -2*x - 29453. What is the greatest common factor of 71 and h?
71
Let b be (-12)/(-9)*45/(-30). Let v be b/5 - 288/(-20). What is the highest common divisor of v and 154?
14
Let i be 2/(2904/(-224) - -13). Suppose -3*d - x + 17 = 0, x = -4*d - 4*x + 19. Let j be d*(20/6 + -2). What is the greatest common divisor of j and i?
8
Let g be ((-325864)/(-66))/(-4 - 26/(-6)) - -6. What is the greatest common factor of 62 and g?
62
Let f be (-2)/((-8)/(-14))*(-1160)/203. Suppose f = 1251*l - 1250*l. What is the greatest common factor of 40 and l?
20
Suppose 10*p - 76 = -6. Let b be 336/10 + (p - (-152)/(-20)). Calculate the greatest common divisor of 99 and b.
33
Suppose -3*d + 4*d - 847 = 3*j, -3*j - 4*d = 842. Let o = 342 + j. What is the highest common divisor of o and 84?
12
Let i be 25/10*2 + 2/(-1). Suppose -m = 4*n - 25, 23 + 2 = i*m + 2*n. Calculate the highest common factor of 145 and m.
5
Let v(d) = 4 - 7*d - d - 2*d + 8*d. Let c be v(-3). Suppose 12*x - 2 = c*x. Calculate the greatest common divisor of 7 and x.
1
Let z(v) = -18*v**2 - 19*v + 8. Let u be z(-5). Let q = 557 + u. Let y(j) = -j**2 - 11*j - 7. Let l be y(-7). What is the greatest common divisor of l and q?
21
Suppose 28*u - 136 = 27*u. Calculate the greatest common factor of 306 and u.
34
Let m(d) = d**2 + 12*d + 6. Suppose a + 5 = -5*h - 95, 5*h = 2*a - 115. Let b be m(h). Suppose -5*s + 2*s = -b. What is the greatest common factor of 13 and s?
13
Suppose -12*l + 4192 = 4*l. Let a = l + -194. Suppose 76 = 4*h + 2*v, -3*h + 39 = -2*v - 4. What is the highest common divisor of h and a?
17
Let w(b) = -b + 27. Let a(r) = -r**2 - 19*r + 18. Let k be a(-18). Suppose -29*t + 25*t = k. Let m be w(t). Calculate the greatest common divisor of 144 and m.
36
Let w(x) = -x + 40. Let s = -63 + 67. Suppose -3*h = -g - s*g - 44, -3*g = -4*h + 44. Let j be w(h). What is the greatest common divisor of j and 32?
32
Suppose -3 = 15*n - 18. Let t be (-6 - -58)/n - -6. What is the greatest common divisor of t and 2?
2
Suppose 3*z = 2*m + 168, 4*z - 38 - 193 = 5*m. Suppose z*x + 112 = 61*x. Let q = 89 - 25. Calculate the highest common factor of q and x.
16
Let f(v) = 2*v**2 - 96*v - 1175. Let m be f(59). Calculate the greatest common factor of 328 and m.
41
Let g be -557*(588/36 + -21 - (-7)/(-3)). Calculate the greatest common factor of g and 7.
7
Let a be 25/((-50)/(-282)) + 15. What is the greatest common divisor of 96 and a?
12
Let c(f) = 448*f - 728. Let z be c(2). Calculate the greatest common factor of z and 81816.
168
Suppose 25441 = 13534*t - 13578*t + 323761. Calculate the highest common factor of t and 2486.
226
Let h(m) = 25*m**2 + m. Let d(o) = o**2 + 8*o + 6. Let s be d(-7). Let p be h(s). Let u = 1510 - 1366. Calculate the highest common factor of u and p.
24
Suppose 454 = 9*a - 1490. Let n be 6 + (0 - -5) + 13. What is the highest common factor of a and n?
24
Let o = -197 - -209. Let f be 2*(-6)/o*6 - -9. Calculate the greatest common divisor of f and 6.
3
Let u(n) = n**3 - 13*n**2 + 36*n - 15. Let w be u(10). Suppose w*d = 39*d + 462. Calculate the greatest common factor of d and 99.
11
Let a(g) = 2*g**3 + 6*g**2 - 171*g. Let j be a(8). Calculate the highest common factor of j and 2020.
20
Suppose 4*r - 4*n = 236, -182 = -3*r - 0*r + 4*n. Let v(h) = -13 - 23 - 39*h + 17 + 43*h - 31. Let l be v(17). What is the highest common divisor of r and l?
18
Suppose -9*z + 2*z = -14. Suppose z*o + 0*o = -2*i + 156, -i = -o - 74. What is the greatest common factor of i and 684?
76
Let o be 64/156 + 10/(-30) + (-2688)/(-39). Let g be (-3)/(-6) - (-446)/4. Let k = g - 66. Calculate the greatest common factor of k and o.
23
Let z = 423 + -426. Let s(i) = 15*i + 77. Let n be s(z). Calculate the greatest common factor of n and 144.
16
Suppose -c = -n + 58, -493*n = -491*n + 2*c - 140. What is the highest common divisor of n and 13744?
16
Suppose 0 = -2*o - 54 + 86. Let i = 3 + 19. Let b = -18 + i. Calculate the greatest common factor of b and o.
4
Let v(h) = h. Let q(j) = -27*j + 2. Let f(o) = -4*q(o) - 36*v(o). Let z be f(8). Let w be z/32 - (-3)/12. What is the greatest common divisor of w and 162?
18
Let j = 19 + 23. Let w = 61 - j. Suppose -5 = 2*u - 9, -2*u + 42 = 2*d. Calculate the highest common factor of d and w.
19
Let n(y) = 16*y**2 - 42*y + 352. Let o be n(8). What is the highest common divisor of 170 and o?
10
Let y(f) = -8*f**3 - 3*f**2 - 4*f - 1. Suppose 13 = -5*s + o, s + 3*o - 1 = -3*s. Let v be y(s). Calculate the greatest common divisor of 59 and v.
59
Let b = 2187 - 2084. Calculate the greatest common factor of 7004 and b.
103
Suppose -198*u + 4 = -202*u, 4*v + u - 319 = 0. Calculate the greatest common divisor of v and 26440.
40
Suppose 0 = 4*q - 7*q + 3*f + 255, 5*f = 2*q - 170. Suppose -8*u + q = -75. Let t be (-4)/(-3)*3/2. What is the highest common divisor of u and t?
2
Let l(g) be the third derivative of g**5/30 - g**4/3 + 35*g**3/3 + 2*g**2 - 61*g. Let d be l(13). What is the greatest common divisor of 19 and d?
19
Suppose 0 = 5*b - i + 567, 0 = -5*i - 0 + 10. Let a = -88 - b. Let q be a*(0 - -5) - -3. Calculate the greatest common factor of q and 16.
16
Let a be (-168)/(-6) - 200/20. Calculate the highest common factor of a and 1278.
18
Suppose -5*i = -i - 16. Suppose 0 = 3*u + 3*q + 21, 2*u + i*q + 8 = 3*u. Let r be ((-1)/u*6)/(3/16). What is the greatest common divisor of r and 80?
8
Let l(j) = -6*j - 136. Let m be l(-24). Let t(v) = 4*v**2 + 16. Let o be t(m). What is the highest common factor of o and 17?
17
Let u(p) = -13*p - 38. Let g be u(-5). Let r be -1*(-1)/(-1) + 109 + g. What is the highest common factor of 15 and r?
15
Let t(a) = a**2 - 28*a + 137. Let w be t(6). Let i be -5 - 0 - (w - (16 + -5)). What is the greatest common factor of i and 49?
1
Suppose -5*q + 20 = -4*i - i, -14 = -2*q + 4*i. Suppose 4*x - 26 = 8*x - 6*x + 4*z, -z = 0. Calculate the greatest common factor of x and q.
1
Let l be 6/48 - 2398/(-16). Suppose l + 150 = 15*p. Let w = 103 + -3. Calculate the greatest common divisor of w and p.
20
Suppose 0 = 160*n - 157*n - 1410. Let c = -99 + n. Calculate the greatest common factor of c and 53.
53
Let o be ((-6030)/536)/(2/(-992) - 0). What is the highest common divisor of 248 and o?
124
Let z = 201 - 141. Let d = 140 - z. Suppose -h - h + 4*a = -28, -63 = -3*h - a. What is the greatest common divisor of d and h?
20
Let g(z) = 4*z**2 + 6*z + 4. Let j be g(-6). Calculate the highest common factor of j and 352.
16
Suppose -71*n + 50 = -21*n. Suppose 4*v + 51 = t, 0 = -t + 3. Let d be (42/v)/(n/(-2)). Calculate the highest common divisor of 56 and d.
7
Suppose -126 = 2*b - 9*b. Let d be 1/(-1) + (b - -2) - -1. Let a = d - -25. What is the greatest common divisor of a and 15?
15
Let l(u) = 2*u**2 + 13*u - 3532. Let p be l(39). Suppose -4*o + 846 = 234. Calculate the highest common divisor of o and p.
17
Let r = -253 - -299. Suppose -26*k = -162 - r. What is the greatest common factor of 96 and k?
8
Suppose 39*s = 40*s - 95. Let a(x) be the second derivative of 2*x**3 + x**2 - x. Let t be a(3). What is the greatest common factor of s and t?
19
Let g = -186 - -284. Let h(o) be the third derivative of o**5/15 - o**4/6 + o**3 - 49*o**2. Let q be h(2). What is the highest common factor of q and g?
14
Let j = -4538 + 4603. Calculate the greatest common divisor of 2080 and j.
65
Suppose 25 = 13*l - 443. Suppose 4*h - 724 = 476. What is the greatest common factor of l and h?
12
Suppose 3187 = 18*l - 3646 - 2887. What is the highest common divisor of l and 480?
60
Suppose 